00?
7
Suppose 888725 = 50*t - 545274 - 451651. What is the hundreds digit of t?
7
Let g = 91175 + -46471. What is the thousands digit of g?
4
Suppose -3*n - 27 = -6*n + 2*r, 2*n = 2*r + 20. What is the units digit of (n - 45/6)/(1/(-602))?
1
Let s = -1 - 64. Let c = s - -70. Suppose -3*l + r + 466 = 17, -755 = -5*l - c*r. What is the hundreds digit of l?
1
Let s(t) = t. Let k(c) = 3*c - 22. Let g(h) = h - 1. Let i(v) = -2*g(v) + k(v). Let w(j) = i(j) + 2*s(j). What is the units digit of w(7)?
1
Let w = -42917 - -45673. What is the hundreds digit of w?
7
Let k = -110 + 130. Suppose k = 5*x + r, r = -4*x - r + 16. Let i(t) = 24*t + 21. What is the tens digit of i(x)?
1
Let w(s) be the first derivative of 3*s**3/2 + 5*s**2/2 - 19*s + 41. Let y(t) be the first derivative of w(t). What is the tens digit of y(18)?
6
Let o = 11114 + -10709. What is the tens digit of o?
0
Suppose -4*r - m = -76752, -3*m + 6*m + 24 = 0. What is the thousands digit of r?
9
Let v = 5848 + -1982. Suppose 0 = 15*w - 964 - v. What is the hundreds digit of w?
3
Let l be -2 + 1/(1/46). Suppose -41*y - 27 = 96. What is the tens digit of (3 - y)/(6/l)?
4
Suppose 5*n + 9*t = 4*t + 14425, -3*n - t = -8649. What is the tens digit of n?
8
Let o = 674 - 1341. Let g = o - -669. What is the units digit of g?
2
Let d(l) be the third derivative of -l**4/24 + 11*l**3/6 - 19*l**2. Let u be d(9). What is the units digit of u*111/12*6?
1
Let z(k) be the second derivative of -5*k**4/12 + 7*k**3/3 - 59*k**2/2 - 2*k - 8. Let m be z(6). Let g = m + 452. What is the hundreds digit of g?
2
Suppose 2*t + 2562 = 8*t. What is the hundreds digit of 311161/t - ((-2)/7 - 0)?
7
Suppose 0 = -5*a + 3*r - r + 5556, -2*a = -r - 2223. Let s = a - 760. What is the hundreds digit of s?
3
Let r be 1 + 4/6*(-1 + 7). Suppose 2*n = 4*o - 20, r*n + 2*o + 0*o - 10 = 0. Suppose n = 3*i - 243 - 111. What is the units digit of i?
8
Let q = 65 + 7315. What is the tens digit of q?
8
Let z(n) = 58*n + 7. Let r = -45 - -43. Let d be z(r). Let o = d - -186. What is the tens digit of o?
7
Suppose 31*m - 3823436 = -8*m - 20*m. What is the tens digit of m?
0
Let o(h) = -2*h + 19. Let i(j) = 1. Let c(p) = 14*i(p) - 2*o(p). Let m be c(7). Suppose 2*d - m*a = 5*d - 309, 4*a - 12 = 0. What is the tens digit of d?
9
Let s(r) = -2*r**2 - 2*r + 24. Let l be s(-4). Let v be -8*(6/(-24) - l). Suppose -v*n + 57 + 159 = w, 0 = n - 5*w - 108. What is the units digit of n?
8
Let l = 4619 + 3052. What is the thousands digit of l?
7
What is the units digit of ((-4)/22 - 425/(-825))*274107?
9
Suppose -2*j = -7*x + 4*x + 3219, 2*j - 4292 = -4*x. Let v = x + -626. What is the hundreds digit of v?
4
Suppose 5*m - 4*y - 13619 = 22956, 2*y = 5*m - 36575. What is the hundreds digit of m?
3
Let f(a) = 23*a**2 + 14*a + 172. What is the tens digit of f(-20)?
9
Suppose -7*i + 11 = -6*i - 2*g, 2*i - 7 = g. What is the hundreds digit of 183/i*36/27?
2
What is the tens digit of 13/5*1231 - (-24)/(-15)?
9
Suppose 0 = 10*m - 15*m + 135. Let x = m + 373. What is the units digit of x?
0
Let y = 48 + -47. Let b be y*(-1 + 3 - -3). Suppose b*r = 14*r - 252. What is the tens digit of r?
2
Let d(j) be the third derivative of -3*j**4/2 - 7*j**3/6 + 22*j**2. Let p be d(-2). Suppose c = 2*c - 2, -4*c + p = 3*l. What is the units digit of l?
9
Let i(y) be the first derivative of 28*y**3/3 - 5*y**2 - 18*y - 55. What is the tens digit of i(-2)?
1
Let y(l) = -l**3 - 3*l**2 + 2*l + 4. Let z be y(-4). Suppose -z = -6*i - 0*i. Suppose -3*p + 31 = -i*p. What is the tens digit of p?
3
Suppose 4243 = 4*w - 11753. What is the units digit of w?
9
Let n = -65875 + 116827. What is the ten thousands digit of n?
5
Let d(k) = 4 + 61 + 4 - 1 + 40 + 26*k. What is the hundreds digit of d(5)?
2
Let q be ((-1)/(-2))/(1084/(-360) + 3). Let j = q - -104. What is the units digit of j?
9
Suppose -3*r + 817 = -4*q + 168, -3*q = -5*r + 1078. Suppose 469 = 2*c - r. What is the units digit of c?
2
Let u(q) be the second derivative of -q**5/20 - q**4/12 - 11*q**2/2 - 6*q. Let p be u(0). Let m(c) = -12*c + 15. What is the tens digit of m(p)?
4
Let b be 9*((-15)/5 - -4). Suppose b*d = d - 1008. Let z = d - -245. What is the tens digit of z?
1
Suppose 0 = -2*z + 4, -h + 4*h + z - 11 = 0. Suppose -u - h*u + 4 = 0. What is the units digit of u?
1
Let b = -13464 + 19630. Suppose b = 6*g - 1286. What is the units digit of g?
2
Let r = 88666 - 33403. What is the ten thousands digit of r?
5
What is the thousands digit of (-4)/22 + ((-4362186)/(-264) - (-15)/(-12))?
6
Let b(i) be the first derivative of 5*i**2/2 - 15*i - 2. Suppose -14*o = 5*p - 12*o - 47, p - 2*o = 7. What is the units digit of b(p)?
0
Suppose a + 9183 = -2*b + 6*b, 0 = 4*b - 20. Let k = a - -2247. What is the tens digit of (-2)/11 - (-4)/((-176)/k)?
5
Let r = 33 - 37. Let a(u) = -15*u**3 - 5*u**2 - 3*u - 1. What is the tens digit of a(r)?
9
Suppose 0 = -2*n - 3*l + 13168, 489*n - 492*n = 5*l - 19749. What is the hundreds digit of n?
5
Let n(y) = 2*y**2 - y - 13. Let z be n(-5). Suppose 46*m - z*m = -8. What is the hundreds digit of (-28)/7 + (-1 - m - -151)?
1
Let f be (8/(-14))/((-7)/(-49)). Let b(o) = -8*o**3 - 7*o**2 + 7*o. What is the units digit of b(f)?
2
Let f be 7/(7/(-4)) + 1 + 1. What is the hundreds digit of ((-480)/(-18))/(f/(-12))?
1
Let c = 18182 + -9104. What is the tens digit of c?
7
Suppose -3*j = -115 - 5. Let z = j + -16. What is the tens digit of z?
2
Suppose -2021666 + 723730 = -6*c - 40*c. What is the tens digit of c?
1
Let r be 4/5*15/6. Let j(n) = 6*n**2 - 9*n**2 + 4*n - 1 + 4*n**r - 1. What is the units digit of j(5)?
3
Let v be -87*((-10 - -9) + 118/(-6)). Suppose -f - 5*a = -887, -15*f - 2*a - v = -17*f. What is the units digit of f?
7
Suppose 5*b + 23 - 128 = 0. Suppose 7*s - b = 14. Suppose -89 = -c + 6*a - 8*a, s*a - 270 = -3*c. What is the units digit of c?
5
What is the thousands digit of (-295742)/(-30) - 18/270?
9
Let f(h) be the third derivative of -h**6/24 + h**5/60 - 5*h**4/6 - 261*h**2. What is the hundreds digit of f(-5)?
7
Suppose -6*a + 10*a = -2568. Let u = -339 - a. What is the tens digit of u?
0
Let v = 31443 + -16918. What is the units digit of v?
5
Let o(w) = 7*w**2 - 3 + 5*w**2 + 25*w - 1 - 2*w**3 + w**3. Let k be o(14). Let c = k + 113. What is the tens digit of c?
6
Let h be 44/10 - (-6)/10. Let w be (-1 + 1 + -1)*(h - 10). Suppose -10*a + 725 = -w*a. What is the hundreds digit of a?
1
Let d = -302 - -310. Let r be -2*114/(-2 - 0). Suppose d*a = r + 14. What is the tens digit of a?
1
Suppose 103*w - 105*w = -4*s - 83464, 4*s = 4*w - 166940. What is the units digit of w?
8
What is the tens digit of (2/13)/(72/25120836)?
7
Let m(w) be the third derivative of w**4/3 - 5*w**3 - 34*w**2. Let d be m(4). Suppose 4*u - 544 = d*c, u - 34 = -2*c + 92. What is the units digit of u?
4
Let o be 1*(4 - 2)*1. Let a be 6 - ((-3 - -2) + 2). Suppose -2*p + p - a*g = -77, o*g + 70 = p. What is the units digit of p?
2
Suppose -513723 = -108*b + 231693. What is the units digit of b?
2
Suppose -23*g + 61*g + 100*g = 2677890. What is the tens digit of g?
0
Let b(f) = -22*f**3 - 3*f**2 + 2*f - 2. Let n be b(-4). Suppose n - 3242 = -11*p. Let z = 340 - p. What is the units digit of z?
8
Suppose 4*v - 6*v + 4214 = 8*h, 5*v - 1593 = -3*h. What is the units digit of h?
6
Suppose -h - 2*j + 11 = -12, -h = 4*j - 33. What is the tens digit of (h - 3)/(-4 + 1746/435)?
2
Suppose -4*g + 0*r = -r - 70247, 3 = -r. Suppose g = 32*s - 15*s. What is the thousands digit of s?
1
Suppose 0 = -17*x + 106*x - 5*x - 4531296. What is the thousands digit of x?
3
Let z(k) = 170 + 3*k - 2*k - 92 - 91 + k**2. What is the units digit of z(13)?
9
Suppose -p - 936 = 12*p. Let q = -78 - p. What is the hundreds digit of (q/18)/((-1)/537)?
1
Let c be 7 - (11 + 0) - 8/2. Let j(v) = 4*v**3 - 8 + 9*v**2 + v**3 + 6*v - 7*v**3 + 3*v**3. What is the units digit of j(c)?
8
Let v = -43890 - -86387. What is the ten thousands digit of v?
4
What is the hundreds digit of ((-48)/10 + 2)*(-22)/(176/37780)?
2
Let b(c) = 2*c - 15. Let z be b(7). Let i be (20 - z)*(56/12 - 4). Suppose 2*g + i + 466 = 2*f, -3*g = 2*f - 480. What is the units digit of f?
0
Let z(g) = -52*g**2 + 6*g + 7. Let y be z(-6). Let k = y - -2768. Suppose 0 = 7*p - k + 195. What is th